 What is b(-9)?
-6
Let u(q) = -3*q + 12. Suppose -175*t = -3*p - 177*t - 5, -p + 7 = 5*t. Determine u(p).
21
Let t(u) = -13*u + 2. Suppose -24*d + 9*d + 15 = 0. Calculate t(d).
-11
Let t(u) = u**3 - 9*u**2 + 11*u - 17. Let x(g) = -116*g + 588. Let l be x(5). Give t(l).
7
Let h = 2703 - 2707. Let j(g) = g**3 + 5*g**2 - 5*g - 40. Calculate j(h).
-4
Let i(t) = 3*t**3 - 13*t**2 - 9*t + 154. Let f be i(8). Let p = f - 789. Let y(b) = 3*b**2 + 2*b + 2. What is y(p)?
23
Suppose 5*r - 27 = 93. Let p be 136/20 + r/(-30). Let o(l) = -l**3 + 6*l**2 + 8*l - 2. Give o(p).
46
Let t(d) be the first derivative of -d**2/2 + 5*d + 1. Let w(z) = -2*z**2 + 52*z - 45. Let l be w(25). Let v be (-5)/(l/(-2)) - -3. Calculate t(v).
0
Let b(j) = -j**3 - 10*j**2 - 9*j + 3. Let z be b(-9). Suppose 0 = -z*m + 8 + 4. Let y(h) = m*h - 37 + 0*h + 27. Determine y(7).
18
Let c(a) be the first derivative of a**2/2 - 12*a + 2210. Give c(21).
9
Let j(a) = 103*a - 4 - 71*a - 35*a - 16*a**2. What is j(-1)?
-17
Let a(q) = 11*q + 28. Let d(u) = u - 50. Let w(p) = -33. Let l(j) = -5*d(j) + 8*w(j). Let s(i) = 3*a(i) + 7*l(i). Give s(-10).
6
Let v(y) = -3*y**3 + 63*y**2 + 6. Let i be v(21). Suppose 3*r = -5*w - 24, -2 = r + 2*w + i. Let u(q) = q + 14. Give u(r).
6
Let h(b) = -b**3 - 4*b**2 + 4*b + 1. Let n = 927 - 1822. Let z = n + 890. Calculate h(z).
6
Let d(r) = -18*r + 6. Let i(u) = -15*u + 5. Let f(q) = -6*d(q) + 7*i(q). Determine f(4).
11
Let j(u) be the first derivative of u**4/4 - 4*u**3/3 - 5*u**2/2 + u + 22. Let m be (10/(-6))/5*-30. Suppose -27 = m*g - 67. Calculate j(g).
-19
Let a(m) = 3*m**3 + m + 2. Let b(j) = -j**3 + 9*j**2 - 15*j - 7. Let x be b(5). Suppose 21*y = 12*y + x. What is a(y)?
28
Suppose 0 = 4*n - 2*w - 14, 4*n - 22 = 4*w + 2. Let a(x) be the first derivative of -10*x**3/3 + x + 4828. Calculate a(n).
-9
Let a(h) = h**3 - 17*h**2 + 28*h + 30. Suppose -5*j + 11 + 76 = -3*q, j = 5*q + 35. Give a(j).
0
Let h = 132 - 140. Let c(y) = -2*y**2 + y - 2. Let m(o) = 7*o**2 - 8*o + 11. Let n(s) = -4*c(s) - m(s). Determine n(h).
29
Let r(x) = -9*x + 8 + 40*x - 4 + 21*x. What is r(-1)?
-48
Let c(z) = 8*z + 2. Let j(w) = 8*w + 2. Let b(f) = 2*c(f) - 3*j(f). Let i = 12013 + -12015. Give b(i).
14
Let d(j) = 27*j**3 + 13*j**2 + 2*j + 13. Let n(z) = -5*z**2 - 37*z**3 + 10*z**2 + 51*z**3 + 12 + z + 2*z**2 - 5. Let i(m) = 6*d(m) - 11*n(m). Determine i(-1).
-7
Let m(p) be the first derivative of p**4/4 + 17*p**3/3 + 15*p**2/2 + 11*p - 375. Calculate m(-16).
27
Let d(s) = s**3 + 7*s**2 + 9*s + 6. Let i be d(-4). Suppose 2*t + i = 4*t. Let c(h) = -h**3 + 8*h**2 + 9*h + 8. Determine c(t).
8
Let h = -54 + 68. Let o(s) = -2*s + 34. Let i be o(h). Let q(b) = b**2 - 6*b + 5. What is q(i)?
5
Let l(u) = -17*u - 45. Let y(o) = -6*o - 16. Let p(f) = 3*l(f) - 8*y(f). Give p(-3).
2
Let y be (-4)/1*(-6)/(-8). Let t(a) = 18*a**2 + 62*a + 1. Let b(u) = -20*u**2 - 68*u - 1. Let s(h) = -10*b(h) - 11*t(h). What is s(y)?
23
Let s(g) = 3*g**2 - 11*g - 8. Let o(m) = -4*m + 2*m**2 - 28 + 0*m**2 - 19*m + 10 + 5*m**2. Let w(f) = -2*o(f) + 5*s(f). Calculate w(10).
6
Let f(i) = i**2 - i - 3. Let g(c) = -16*c**2 + 15*c + 151. Let z(k) = -3*k**2 + 3*k + 30. Let a(v) = -2*g(v) + 11*z(v). Let t be a(7). Give f(t).
-3
Let k(x) = x**2 + 5*x. Let z be -43 - -37 - (-13 + 0). Let u = 40 + -29. Let m = z - u. What is k(m)?
-4
Let j(l) be the second derivative of -l**5/20 + l**3/3 - l**2 + 28164*l. Let k = 3 + -3. Determine j(k).
-2
Suppose -5*f + 16 = -2*r, -3*r - 1402*f + 1405*f = 24. Let s(i) = i**3 + 9*i**2 - 7*i - 122. Give s(r).
-2
Let h(d) = 7*d + 2. Let v be h(0). Let r(l) = 4 + v - 2092*l + 2089*l. Determine r(6).
-12
Let r(z) = -19*z + 7. Let u(f) = -f**2 + 108*f + 684. Let j be u(-6). Determine r(j).
7
Let k(n) be the second derivative of -n**7/2520 + n**6/144 - n**5/30 - 15*n**4/4 - 75*n. Let s(i) be the third derivative of k(i). Calculate s(5).
-4
Let w(g) = 22*g + 222. Let t(p) = -11*p - 126. Let y(k) = 5*t(k) + 3*w(k). Determine y(-3).
3
Let k(v) = -73*v**3 + v**2 + 4*v + 3. Let u = 2737 + -2738. What is k(u)?
73
Let h(z) = -z**3 + 8*z**2 + 3. Suppose 5*b - 5 = -0, b - 11 = -2*a. Let x be ((-8)/a)/((-1)/(-15)*-3). Calculate h(x).
3
Let y(k) = 2*k**2 + 89*k + 106. Let i(j) = -13*j + 1153. Let t be i(92). Calculate y(t).
-23
Let g(j) = -8*j**2 - 136*j + 5. Let q be g(-17). Suppose -2*y - 10 = 0, q*y - 4 = -3*z - 14. Let w(l) = -l**2 + 7*l - 6. What is w(z)?
4
Let c be -6*1 - -3 - -8. Suppose -5*u + c = -15. Let q(z) be the second derivative of z**3/3 - 3*z**2 - 76*z + 3. What is q(u)?
2
Let s(g) = 4*g**3 + g**2 - 1. Suppose -12 - 7 = -19*o. Let j(r) = -19*r**3 - 4*r**2 + r + 11. Let x(t) = o*j(t) + 5*s(t). Determine x(0).
6
Let m = -51085 + 51085. Let w(k) be the first derivative of -k - 1/2*k**2 - 1/3*k**3 + 1. Give w(m).
-1
Let v(b) = b + 22 - 43 + 29. Let p be (-1)/1*0*(-5)/25. Let x(f) = -6*f - 6. Let t be x(p). Calculate v(t).
2
Let o(y) = -y**2 + 14*y - 31. Let q be o(3). Let i(h) = -8*h**2 - q*h + 31*h**2 + 52 - 51. Give i(1).
22
Suppose -2*j = -0*j + 2*h - 48, 2*j - h = 51. Suppose 0 = -2*t + t - j. Let a = 25 + t. Let q(c) = c - 9. What is q(a)?
-9
Let u be 16 + (-12 - (18 - 3)) + 17. Let g(j) be the first derivative of j**4/4 - 2*j**3 + j**2 - 4*j - 1. Calculate g(u).
8
Let h(z) = -z**2 + z - 1. Let v(o) = o**2 - 2*o + 23. Let r = 2 + 2. Let l(u) = r*h(u) + v(u). Let i(j) be the first derivative of l(j). Give i(2).
-10
Let p = -13019 + 13015. Let s(g) = g**3 + 6*g**2 + 12*g + 8. Determine s(p).
-8
Let l(g) = -g**2 - 6*g + 10. Let y(i) = i + 6. Let j be y(-8). Suppose 2*w + 2*o = -20, 4*o + 22 = -w - o. Let t be (w + 0)/(j/(2 - 4)). Calculate l(t).
3
Suppose 3*q - 2*q + 5*q = -q. Let z(f) be the second derivative of -7/6*f**3 + 0 - 4*f + q*f**2. Give z(-1).
7
Suppose 23*i = 27*i + 5*d - 153, 5 = 5*d. Suppose 4*t + 28 = -4*x, -9*t - i = -5*t - 5*x. Let h(l) = -3*l - 6. Determine h(t).
18
Suppose -1153 = 168*p + 159 + 368. Let i(b) = -b**2 - b + 96. Give i(p).
6
Suppose -x = -2*c + 1 - 2, -3*c + 11 = x. Let b(d) = d**3 + 30*d**2 - 16*d**c - 4*d - 20*d**2 + 5*d. Calculate b(6).
6
Let z(u) = 28*u - 28. Suppose 3*y = -2*r - 16, -4*r + 24*y = 20*y - 28. Give z(r).
0
Let a be -1 + 0 + -3 + 7. Suppose r = a*r - 2. Let f(c) be the third derivative of -c**6/24 - c**5/60 + c**4/24 + 1241*c**2. Determine f(r).
-5
Let o(x) = -x**3 + 2*x**2 - 2*x - 3. Let h(u) = 2*u**2 - 2*u - 3. Let y(f) = 2*h(f) - o(f). Give y(-4).
-27
Let r be (3/6)/((-170)/(-28) + -6). Let l(q) = -3*q**2 + 11*q - 5. Let y(p) = -5*p**2 + 19*p - 11. Let f(x) = r*l(x) - 4*y(x). Determine f(4).
-3
Let n(g) be the second derivative of 10*g**3/3 + 173*g**2/2 - 4154*g. Give n(-9).
-7
Let b(y) be the second derivative of y**4/12 - y**3/6 - 20*y**2 + 4*y - 2. Let i(g) be the first derivative of b(g). Give i(7).
13
Let h(q) = -7*q**2 - 37*q - 7. Let i(s) = s**2 + 5*s + 1. Let c = 144 - 138. Let p(r) = c*i(r) + h(r). Determine p(-6).
5
Let k be (-13)/2*(-6 - 424)/(-5). Let t = k + 564. Let x(g) = 2*g - 1. Let u(l) = l - 1. Let q(n) = -13*u(n) + 6*x(n). Give q(t).
2
Let o = 102 + -92. Let y(h) = -5 + 3*h + 3 - 4 - 2*h. Determine y(o).
4
Let k = 31499 + -31497. Let y(s) = 14*s**2 + 2*s + 1. Determine y(k).
61
Let w(u) = 14*u**2 + 12*u - 20. Let l(j) = 9*j**2 + 11*j - 16. Let r(y) = 3*l(y) - 2*w(y). Calculate r(7).
6
Suppose -2*n + 6 = 2*p, 4*p - 2 = 2. Let g(s) = -9*s**n - 1158*s + 577*s - s**3 + 581*s + 4. Suppose 8*a - 4*h = 3*a - 37, -5*h = 5*a + 55. Determine g(a).
4
Let r(l) = l**2 + 2*l + 1. Let t = -331 - -406. Suppose 0 = -4*u + 63 - t. Determine r(u).
4
Let f = -22 + 18. Let l(c) = c + 4. Let j be l(f). Let q(p) = 4*p + 2*p - 2*p - 5*p + 7. Give q(j).
7
Let y(s) = 20*s + 2. Let n(x) = -43*x - 6. Let v(h) = -3*n(h) - 7*y(h). Give v(1).
-7
Let w(q) = 25*q + 3. Suppose -2*n - g + 4 = 0, -n + 0*n + 4*g = -20. Suppose -n*k = -a + 9, -4*k - 4*a + 2 = 6. Give w(k).
-47
Let t(z) be the first derivative of 4*z**2 - 7*z - 58. Let u(w) = -10*w + 7. Let g(q) = -4*t(q) - 3*u(q). What is g(3)?
1
Suppose -24 = -142*o + 130*o. Let x(z) = 11*z**2 - 3*z + 2. What is x(o)?
40
Let q(o) = 81*o + 1641. Let z be q(-20). Let n(v) = v**2 - 9*v - 242. Determine n(z).
10
Suppose 41*o - 243 - 1110 = 0. Let k be (2 - 72/o) + 96/44. Let n(d) = d**3 - 1. Determine n(k).